7
Let s(u) = -u**3 + 12*u**2 - 14*u + 8. Suppose -2*c - 28 = 14. Let v = -11 - c. List the prime factors of s(v).
2, 17
Let i = -27 + 3. Let f be 60*(i/(-15) - 2). Let u = 64 + f. What are the prime factors of u?
2, 5
Suppose -53*n = -40*n - 8749. What are the prime factors of n?
673
Let h = 420 - -383. What are the prime factors of h?
11, 73
Suppose 11*j - 2823 = 8*j. What are the prime factors of j?
941
Suppose -4*v - 3*q - 17 = 2, v - 4 = q. Suppose 3*m - 90 = 4*r, -4*m - 4*r + 166 - 46 = 0. List the prime factors of (m/(-24))/(v/56).
2, 5, 7
Let s(z) = -6*z. Let b(a) = 3 + 2 - 3*a - 4. Let f be b(2). List the prime factors of s(f).
2, 3, 5
Suppose 0 = k - 4*j - 7, 4*k + 2 = j + 15. List the prime factors of (-52)/(4/k + 544/(-336)).
2, 7, 13
Let z(n) = n**2 - 9*n + 18. Let l be z(7). Suppose -5*g = -y - 828, -174 = -g - y + l*y. What are the prime factors of g?
3, 5, 11
Suppose -4 = -4*i - 0. Let w be (-8)/(-3) - i/(-3). Suppose -39 = -3*z + 3*h, -36 = -w*z - h + 7. List the prime factors of z.
2, 7
Let d(q) = -q**2 + 10*q + 13. Suppose -a - 2*a = -3*z + 114, a = -5. Suppose -j = -4*j + 3*g + z, 2*j + 4*g = 16. What are the prime factors of d(j)?
13
Let i = 209 - -123. List the prime factors of i.
2, 83
Suppose 3*d + 11 = -4*s - 394, 0 = 2*s - 4*d + 186. Let y = s - -333. List the prime factors of y.
2, 3, 13
What are the prime factors of -1 - (-35)/45 - 17086/(-18)?
13, 73
Suppose -2*w - 2*v = 2*w + 28, 2*w = v - 10. What are the prime factors of w/4*-126 + (-3 - -4)?
2, 5, 19
Suppose -9*r + 18707 = 3299. What are the prime factors of r?
2, 107
Let t be (-1608)/(-16)*(-8)/(-6). Suppose 3*r - 2*r - 204 = -4*c, 3*c = 4*r + t. List the prime factors of c.
2, 5
Let v(z) = -2900*z**3 - 3*z**2 - 12*z - 9. List the prime factors of v(-1).
2, 5, 29
Let g(d) = -d**3 - 12*d**2 - 29*d + 4. Let s be g(-13). Suppose 2*j = 2*w + s, 6*j + 4*w = 2*j + 1092. List the prime factors of j.
2, 137
Suppose -134 = -9*k + 37. Suppose k = t - 3*g, t + 3*g = 8*g + 11. List the prime factors of t.
31
Let p be 1*3/2*(-10 + 12). What are the prime factors of 30/(15/(-10) + p)?
2, 5
Let z(n) = 101*n + 312. What are the prime factors of z(9)?
3, 11, 37
Suppose -3*d + 4 + 6 = w, 0 = 3*w - 2*d - 8. Let k(f) = -f**2 + 12*f - 18. Let b be k(8). Let a = b - w. List the prime factors of a.
2, 5
Let s(q) = 0 - 8 - 6 + 5*q + 4. What are the prime factors of s(6)?
2, 5
Suppose 2*a = 3*a - 8. Suppose -a = 2*k + y, -k + 4*y = 5*y + 5. What are the prime factors of (5 + 0 + k)*10?
2, 5
Let b be ((-1)/2)/(28/(-24) + 1). Suppose 210 = b*i - z, -i + 55 + 15 = z. List the prime factors of i.
2, 5, 7
Suppose 0 = 3*j + 4*c - 8*c - 204, 340 = 5*j - 2*c. List the prime factors of j.
2, 17
Let b(r) = r + 1. Let n(s) = 2*s - 14. Let o(f) = 3*b(f) + n(f). What are the prime factors of o(8)?
29
Suppose 0 = -4*g - 6*g + 220. Let i(l) = 4*l**2 - 2*l - 2. Let f be i(2). Let m = g - f. What are the prime factors of m?
2, 3
Let v(c) = 4*c**2 + 2*c + 4. Let d be v(2). Let p be (-2)/(1/4*-2). Suppose -p*u + d = -2*u. What are the prime factors of u?
2, 3
Suppose -20*x - 24*x = -50292. What are the prime factors of x?
3, 127
Let m be (-4154)/93*(-3)/2. Suppose 41 = -w + 9. Let b = w + m. What are the prime factors of b?
5, 7
Let k = -16 + 19. Suppose 5*b - k*b = 4. Suppose 0 = b*m - 67 - 15. List the prime factors of m.
41
Let k(y) = 2*y + 16. Suppose 2*j + 40 = 7*j. Suppose -j = -2*u + 2*c, c + 24 = 6*u - u. What are the prime factors of k(u)?
2, 13
Let r be 2/12 + 284/24. Let g be (-16)/10*(-30)/r. Suppose 5*c - 22 = -g*k, 5*k - 34 = -2*c - c. List the prime factors of k.
2
Suppose 0 = 2*f - 613 - 191. Suppose -8*k - f = -1034. List the prime factors of k.
79
Let q(u) = 11*u - 2. Let v be q(2). Suppose -3*r = 2*o + 20, -4*o + 0*o = -v. What are the prime factors of ((-12)/r)/(6/60)?
2, 3
What are the prime factors of ((-357)/14 - -12)*4*-23?
2, 3, 23
Let y = 28 - 17. Suppose 0 = y*d - 9*d - 32. List the prime factors of d.
2
Suppose -21*a + 24*a - 1932 = 0. What are the prime factors of a?
2, 7, 23
Let k(x) = x**3 + 11*x**2 + 7*x - 6. Suppose -v = -0*o + 3*o - 5, 0 = 4*v - 3*o + 40. What are the prime factors of k(v)?
3, 47
Let g(u) = -5*u + 3. Suppose -v - 6 + 9 = 0. Suppose c - 1 + 7 = -2*f, v*c - 7 = -f. List the prime factors of g(f).
2, 7
Suppose 2*d = -3*g + 26, 11*g - 9*g - 22 = d. Let q(j) = j**3 - 6*j**2 - 8*j - 5. What are the prime factors of q(g)?
3, 5, 7
Let w be (-8)/(-24) + 244/6. Let t be w/2*1*2. Suppose 7 = 3*n - t. What are the prime factors of n?
2
Suppose i = 3*n + 170 - 34, n = -3*i + 398. Suppose 0*m - i = -m. List the prime factors of m.
7, 19
Let t(s) = -319*s**3 + s**2 - s - 1. List the prime factors of t(-1).
2, 5
List the prime factors of (-11456)/(-48) + (6/(-9) - -1).
239
Suppose -30*x + 90 = -35*x. Let z = 6 - x. What are the prime factors of z?
2, 3
Let y be 0 + -3989 + (-6)/(-3). What are the prime factors of y/(-81) - 4/18?
7
Suppose -3*x + 6*x - 15 = 0. Suppose 75 = x*p - 300. What are the prime factors of p?
3, 5
List the prime factors of (-3 - -1)/((-46)/3818).
2, 83
Suppose -106*h - 1656 = -112*h. List the prime factors of h.
2, 3, 23
Suppose 0 = -4*c + 5*w + 52, 0*c - 28 = -c + 5*w. Suppose -4 = -4*q + c. List the prime factors of q.
3
Suppose 0 = -2*x - 3*x - 20. List the prime factors of 161*(-3)/x - 1/(-4).
11
Suppose 5*l - 2035 = -3*q, -q - 2*l + 645 = -34. What are the prime factors of q?
3, 5
Let f(t) = -36*t - 42. Let c be f(-5). Let n be (1 - 2)/(3/9). What are the prime factors of c*4*n/(-24)?
3, 23
Let a(v) = v**2 + 16*v + 7. Let i be a(-16). Suppose d - 292 = 3*f - i*f, -2*f + 4*d = -128. List the prime factors of f.
2, 3
Suppose b = 2*b - 31. Suppose 24 = -30*z + b*z. Let v = z + -7. What are the prime factors of v?
17
Let t(z) = -z**2 + 3*z + 4. Let v be t(3). Let r(u) = 15*u + 6. Let k be r(v). Suppose x + k = 3*x. What are the prime factors of x?
3, 11
Let l(o) = -147*o + 233. List the prime factors of l(-23).
2, 13, 139
Suppose 2 = -y - 4*v + 22, 0 = 4*y + 3*v - 15. Suppose 4*n - 16 = -0*n. What are the prime factors of (-2)/(n + y)*-6?
3
Suppose -5 - 327 = r. What are the prime factors of r/(-11) + 32/(-176)?
2, 3, 5
Let m(x) = -x**2 + 13*x + 10. Let i = 63 + -95. Let f be (i - -11)/(-3*1). What are the prime factors of m(f)?
2, 13
Let g(v) = -24*v - 2. Let y be g(-1). Suppose -5*a = -138 - y. What are the prime factors of a?
2
Let w = -2364 - -4554. What are the prime factors of w?
2, 3, 5, 73
Let n(r) = 3*r**2 + 12*r + 56. List the prime factors of n(16).
2, 127
Let a(l) = 9*l**2 - 4 + 8 + 3*l + 7 - 21*l. Let o(j) = -4*j**2 + 9*j - 5. Let v(g) = 3*a(g) + 7*o(g). List the prime factors of v(8).
2, 3
Let d(q) = -28*q + 7. What are the prime factors of d(-27)?
7, 109
What are the prime factors of (958/(-4) - 3)/((-4)/8)?
5, 97
Let x(m) = m**3 + 5*m**2 + 3*m - 2. Let l be x(-4). Suppose -5*q + 2*o = -35, 3*q - 12 = l*o + 13. List the prime factors of (-4)/5 + 44/q.
2
What are the prime factors of ((-4)/3)/((-8)/5220*5)?
2, 3, 29
Let k = 1300 + -815. What are the prime factors of k?
5, 97
Suppose v + 2*v + 6 = 0. Let r be 56/10 + v/(-5). Suppose -d + 39 = r. What are the prime factors of d?
3, 11
Suppose 2*v + 2*r - 2942 = 0, -1467 = 9*v - 10*v - 2*r. What are the prime factors of v?
5, 59
Let n(h) be the third derivative of 5*h**4/12 - h**3/3 - 9*h**2. List the prime factors of n(3).
2, 7
Let x(t) = 432*t**2 - 60*t - 130. List the prime factors of x(-2).
2, 859
Suppose -6670 = -5*j - 5*i, 6676 = 54*j - 49*j - i. List the prime factors of j.
3, 5, 89
Let y(f) = -f**3 - 7*f**2 - f + 2. Let a be y(-7). Suppose a*x = 12*x - 99. List the prime factors of x.
3, 11
Let g(f) be the second derivative of -2*f**4/3 + f**3/6 - f**2 + 2*f. Let x be g(2). Let q = -15 - x. List the prime factors of q.
17
Suppose 2 = -3*c + 5*x + 1, 4*c - 5*x = 2. Suppose c*v = -3*k + 18, 0 = -3*v - 2*k + 6*k + 18. Suppose t = v*t - 210. List the prime factors of t.
2, 3, 7
Suppose 0 = -2*f + f + 5, -5*o + 70 = -4*f. Suppose -x + o - 14 = 0. What are the prime factors of x?
2
Suppose -73*k - 2994 = -75*k - 4*v, 3*k - 4*v = 4491. What are the prime factors of k?
3, 499
Let z(x) = -45*x - 68. What are the prime factors of z(-6)?
2, 101
Suppose 0 = -6*d + 11360 - 680. List th